t i(j) = -j - 909. Let a(c) = c + 1361. Let p(k) = -2*a(k) - 3*i(k). Calculate p(h).
-2
Let v = -193 + 196. Let k be -1*(13 - (v - (-1 + 4))). Let w(s) = s**3 + 12*s**2 - 14*s - 10. Give w(k).
3
Suppose 34*z + 230 + 76 = 0. Let l(c) = 5*c + 37. Calculate l(z).
-8
Let u = 37 - 31. Let l(d) = 2 - u + 2*d + 3 - 3*d. Let s be l(1). Let k(m) = m**2 + 3*m. Determine k(s).
-2
Let h(d) = -13*d + 9. Let n = 9 + -20. Let u(x) = -7*x + 4. Let p(c) = n*u(c) + 6*h(c). Suppose 0 = -0*g + 4*g - 28. Calculate p(g).
3
Suppose 6*j + 126 = 27*j. Let f(x) = 47 - 5*x - 45 + j*x. Give f(10).
12
Let o(a) be the third derivative of -3/2*a**3 + 0 + 0*a + 1/60*a**5 - 7/24*a**4 + 37*a**2. Determine o(7).
-9
Let n(b) = -b - 5*b + 5*b - 1 + 0*b. Suppose 65*j = 66*j + 3*r + 13, 3*j + 23 = -r. Determine n(j).
6
Suppose -5*q + 79 = 34. Suppose 0 = -13*b + q*b + 16. Suppose 0 = -12*k + b*k + 64. Let s(u) = u - 9. Determine s(k).
-1
Let h(j) = -j**3 - 2*j**2 + 1. Let p(x) = x**2 + 22*x + 19. Let y be p(-17). Let d = y - -67. Let u be 5/(-10 - -5)*d. What is h(u)?
0
Let c(j) = j**3 - 13*j**2 + 14*j - 5. Let x be c(12). Let a be 12/42 + x/7 + -1. Let u(f) = 1 - f**3 - f + 11*f**3 - 445*f**2 + 445*f**a. Determine u(1).
10
Suppose -x = -4 + 1. Suppose -x = -4*m + m. Let y be -13 + (m - -4 - 2) + 2. Let k(f) = -f**2 - 9*f + 1. Determine k(y).
9
Suppose 2*n - 2*u = -2, 0 = 2*n + n + 3*u + 3. Let g(l) = l**2 - 3*l - 2. Let o(h) = 3*h**2 - 8*h - 5. Let w = -24 - -16. Let i(d) = w*g(d) + 3*o(d). Give i(n).
2
Let x(b) = 2*b**3 + 5*b**2 + 23*b + 6. Let y be x(0). Let t(m) = -4*m**2 + 22*m - 8. Calculate t(y).
-20
Let k = -20668 + 20655. Let j(h) = 4*h**2 + 10*h + 4. Let b(w) = -7*w**2 - 21*w - 7. Let y(a) = -3*b(a) - 5*j(a). Determine y(k).
1
Let a(m) = 2*m + 38. Let k(j) = -j - 17. Let z(c) = -6*a(c) - 13*k(c). Let d(y) = -2*y + 1. Let o(x) = -d(x) - z(x). What is o(-6)?
0
Let o(w) = 166*w + 14. Let r(x) = 103*x + 9. Let k(l) = 5*o(l) - 8*r(l). Calculate k(5).
28
Let j(r) be the third derivative of 2*r**4/3 + 19*r**3/3 - 642*r**2 - 1. Calculate j(-3).
-10
Let n(y) = -10318*y + 5152*y + 3 - 12 + 5168*y. Calculate n(31).
53
Let m = -20 + 37. Suppose 5*p - 13 = m. Suppose d = -p*d - 49. Let k(w) = w**3 + 6*w**2 - 5*w + 8. Determine k(d).
-6
Let t(f) = f**2 - f - 62. Suppose -4*z - 3*j = 18, -24 = -105*z + 101*z + 4*j. Determine t(z).
-62
Let l = -161 - -163. Suppose y = 2*t + 5 - 4, -l*t + 2*y + 2 = 0. Let n(q) = -q**3 - 2*q**2 - 3*q - 1. Calculate n(t).
5
Let l(h) = -9*h - 101. Let a be l(-12). Let c(q) = 8019*q + 0*q**2 - 8024*q - 6 - q**3 - a*q**2. Determine c(-6).
-12
Let b be (0/(12/(-4)))/2. Let x be -1*(b/(-2))/2. Let l(f) = -7*f + x*f**3 + 2*f**3 - 7 + 4*f**2 - 10*f**2 - 3*f**3. Determine l(-5).
3
Let w = -45 + 47. Suppose 1965 = w*o + 2*o - c, -c = -3. Let x(h) = o - 242 - 241 + 2*h. What is x(-9)?
-9
Let g(o) = -3*o + 2. Let f = 68 + -63. Let x(v) = -9*v + 3. Let h(b) = f*g(b) - 2*x(b). Give h(-3).
-5
Let x(q) be the third derivative of q**5/30 + 23*q**4/24 - 13*q**3/6 + 92*q**2 - 145. Suppose 5*r + 36 = 2*r. Give x(r).
-1
Suppose 6 = -5*m - 0*m + 3*k, -3*m + 3*k - 6 = 0. Let a(r) = 5*r**2 + 1 - 5*r + m*r**2 - r**3 + 1. Let w be (-7 - (-253)/55)/((-8)/10). What is a(w)?
5
Suppose 9624 = 26*w + 9468. Let v(c) = c**2 + 5*c - 7 + 4*c**2 - 6*c**2. Calculate v(w).
-13
Suppose 131*z = 135*z - 20. Let t(v) = -5*v**3 - 15*v**2 + 38*v**2 - 16*v**2 + 4*v**3 - 5*v + 2. Determine t(z).
27
Let t = 101 - 100. Let v be -2 + 0 + 4 + 9*t. Suppose -5*o - v = -a, 0*a - 3*a = -4*o - 11. Let p(i) = -2*i - 1. Give p(o).
3
Suppose -3*r = -4*r - r. Let w = r - -5. Let x(b) = -b**2 + 5*b - 1. What is x(w)?
-1
Let d = -35 + 59. Suppose -d + 18 = -2*a. Let u(i) = -170 - 25*i**3 - 2*i + 9*i**a + 169. What is u(-1)?
17
Let h(a) = -a**2 - 4*a - 33. Let z = 26226 - 26226. Determine h(z).
-33
Let d(y) = -9*y - 3. Suppose 3*j - 25 = -16. Suppose 6*u = u - q - 13, 0 = 5*u + j*q + 9. Let s(a) = 8*a + 3. Let i(o) = u*s(o) - 2*d(o). Give i(-2).
9
Let r(x) be the second derivative of 1/12*x**4 + 0*x**3 + 41/2*x**2 + 37*x + 0. Let o(h) be the first derivative of r(h). Give o(-5).
-10
Let i(f) be the second derivative of f**5/20 - 3*f**4/4 - 7*f**3/6 - 8*f**2 - 35*f - 12. Give i(10).
14
Let l(s) = -s**2 + 8*s. Let u(a) = -3*a**2 + 23*a. Let v(y) = 11*l(y) - 4*u(y). Let r be 112/224*(-4 + -2). Give v(r).
21
Let s be (-1)/7 - (29/(-7) - -4). Let f(y) = y**3 + y**2 - 33*y + 5. Give f(s).
5
Let i(w) = -1. Let c(n) = -3*n - 9. Let l = -544 + 539. Let r(d) = l*i(d) - c(d). Determine r(-6).
-4
Let c(h) = -17*h**3 - 31*h**2 - 33*h + 24. Let r(f) = -7*f**3 - 15*f**2 - 16*f + 12. Let t(q) = 2*c(q) - 5*r(q). Give t(-11).
76
Suppose -3*n = 2*n + 5*h + 10, 5*n = 3*h + 14. Let g(z) = n + 3*z + 5*z**2 + 3*z**3 + 5 - 2*z**3 - 4. What is g(-5)?
-13
Let a(h) be the first derivative of 2*h**3/3 + 21*h**2/2 - 14*h - 182. Determine a(-11).
-3
Let g(t) = -7*t - 7. Let s be g(-4). Let l be ((-36)/s)/((-34)/119). Let v(m) = -m**2 + 6*m - 9. What is v(l)?
-9
Let b(c) = 22*c - 5 - 6 - 18*c. Let g = 17696 + -17686. What is b(g)?
29
Let w(h) = h**2 + h + 3 - 8*h - 3*h + h. Let r be (-82314)/(-10251) + (-6)/201. What is w(r)?
-5
Let q(o) = 10 - 15 + 8 - o**2. Let l(z) = z**2 + 18*z + 77. Let d be l(-12). Give q(d).
-22
Let p(i) be the first derivative of -i**4/4 + 13*i**3/3 - 5*i**2 + 23*i + 3064. What is p(12)?
47
Suppose -8*t = -5*t. Suppose -u - u = -12. Let q(y) = 5 - 1 + u*y - y + t. What is q(-4)?
-16
Let x(r) = r**2 + 17*r + 71. Let v be (-25)/((-500)/(-232)) - 8/(-5). Determine x(v).
1
Let u(j) be the first derivative of -7/2*j**2 + 8 + 0*j. Let x = 19 + -17. What is u(x)?
-14
Let w(j) = 8*j + 9. Let v(r) = -3*r - 3. Let p(z) = 17*v(z) + 6*w(z). Let s be 2 + 4 - (-5)/((-5)/1). Give p(s).
-12
Let t(s) be the first derivative of -s**5/20 - 2*s**4/3 + s**3 - s**2 + 115*s + 96. Let l(w) be the first derivative of t(w). Determine l(-9).
25
Let c(t) = t**2 - 23*t - 55. Let f = 4775 + -4750. What is c(f)?
-5
Let l(h) = h**3 - h**2 - 2*h - 7. Let u = 227 + -219. Suppose -3*k = -x + 16 - 14, -k + 4*x = u. Determine l(k).
-7
Let g(c) = -3*c**2 + c + 1. Let u = 81 + 129. Suppose -9*i - u = -4*i. Let a be (i/(-56))/(6/16). Give g(a).
-9
Let y(f) be the third derivative of f**5/20 + 13*f**4/12 + 9*f**3/2 + 89*f**2. Let n(g) = g**2 + 9*g + 9. Let p(w) = 8*n(w) - 3*y(w). What is p(-6)?
-9
Let f(x) = 0*x + 3 - x**2 + 0*x. Let w be (13/39)/(3/99). Suppose -3*u = -2*v - 1, v + 0*v - 5*u + w = 0. Give f(v).
-13
Let t be (-8)/8 - (1 + 85 + -2). Let p = t + 88. Let q(f) = -f + 9*f**p - 6*f**3 + 2*f + 9*f**2 - 12 - 4*f**3. What is q(9)?
-3
Let p(k) = 5*k - 271. Let t(r) = -r + 70. Let h(a) = p(a) + 4*t(a). Let l = -3 - 1. Calculate h(l).
5
Let z = 9003 + -8999. Let d(b) = -17*b - 5. Determine d(z).
-73
Let v(n) = -n**3 + 11*n**2 - 12*n - 7. Let i = -6429 + 6438. What is v(i)?
47
Let l(k) be the third derivative of -k**4/6 - k**3/2 - 62*k**2. Let m(c) = -22*c - 16. Let r(u) = 16*l(u) - 3*m(u). Determine r(3).
6
Let z(f) be the third derivative of f**6/24 - f**4/8 + f**3/6 - 1023*f**2. Suppose -h - 3 = -5. What is z(h)?
35
Suppose p - 9 = -f, f - p = 4*p + 27. Suppose 9*t + 54 = f*t. Let i(n) = n**3 - 19*n**2 + 18*n - 3. Determine i(t).
-3
Suppose 18*c - 2*l = 21*c, 5*l = c + 17. Let f(b) be the second derivative of 5*b**4/12 - b**3/6 + b**2 - b. Calculate f(c).
24
Let a(u) be the third derivative of -9*u**2 - 2*u + 1/120*u**6 - 7/60*u**5 - 1/4*u**4 + 4/3*u**3 + 0. Calculate a(7).
-34
Let o(j) = 7*j - 1. Let l(k) = 36*k - 4. Let y(r) = 2*l(r) - 11*o(r). Let q be (-21 - -11)/(-3 - -7 - 34/6). Determine y(q).
-27
Let r(c) = -4*c**2 - 4*c + 38. Let a be r(-4). Let p(g) = g**2 + 3*g - 16. Calculate p(a).
54
Let v(d) = 154 - 715 + 68 + 218 - 35*d. What is v(-8)?
5
Let q(i) = -i**3 + 10*i**2 + 7*i + 2. Let l be q(12). Let o = 196 + l. Let c(r) = -3*r + 4. Give c(o).
22
Let m(h) = 301*h**2 - 33*h - 16. Let a(q) = -139*q**2 + 15*q + 8. Let d(t) = 13*a(t) + 6*m(t). Suppose 6*s - 4 = -4*n + s, 3*n + 2*s = -4. What is d(n)?
4
Let l(p) = -3*p + 4. Suppose -69*q = -88*q + 133. Give l(q).
-17
Let d(c) = -c**3 + 13*c**2 - 3*c - 20. Let g(m) = 3*m**3 - 29*m**2 + 5*m + 40. Let n(l) = 5*d(l) + 2*g(l). Determine n(-8).
-44
Suppose -9*k - 5*k = 1260. Let i be (k/27)/((-10)/24).